 = 2*p. Calculate the remainder when 63 is divided by p.
11
Let b be (3 + -6 - -7) + 0. Suppose 42 = b*z - 18. Suppose -5*m = -3*x - 212, -5*m + 2*x + 2*x = -211. Calculate the remainder when m is divided by z.
13
Let u be (-2 - 0)/(-1) - 8. What is the remainder when 106 is divided by u/(-4)*(1 - -7)?
10
Let s(g) = 3*g**3 - g**2 - 3*g + 23. Suppose 5*b + 51 = 381. Calculate the remainder when b is divided by s(0).
20
Let p = 335 - 181. Let s = p + -109. Calculate the remainder when s is divided by 12.
9
Suppose -2*x = 4, -12 = -p - 4*x + 5. Calculate the remainder when 34 is divided by p.
9
Let q = 315 - 304. What is the remainder when 74 is divided by q?
8
Let b(u) = -2*u**2 - 16*u - 12. Suppose 14 = -8*t + 6*t. Let c be b(t). Suppose c*m - 115 = m. What is the remainder when m is divided by 29?
28
Let n(d) = -20*d + 2. Suppose -10*b - 21 = -1. Calculate the remainder when 122 is divided by n(b).
38
What is the remainder when 12 + -11 + 352/4 is divided by 26?
11
Let d = 743 - 734. Let j = 133 + -64. What is the remainder when j is divided by d?
6
Let w(m) = -17*m + 13*m - 9 - 11*m. What is the remainder when w(-2) is divided by 8?
5
Suppose 14*j - 11*j = 228. Let w(s) = s**2 + s. Let r = 5 + -1. What is the remainder when j is divided by w(r)?
16
Suppose 130 = 2*g - 4*v, -5*g - 5*v + 246 + 49 = 0. Calculate the remainder when 1768 is divided by g.
60
Suppose 4*a - 2*u - 48 = 0, -20 - 54 = -5*a - u. What is the remainder when 222 is divided by a?
12
Suppose o - 30 = 83. Let x = o - 96. What is the remainder when 57 is divided by x?
6
Let j(p) = -p**3 + p**2 - 2*p - 10. Let d be j(0). Let i(s) = -5*s - 12. What is the remainder when i(d) is divided by 8?
6
What is the remainder when 32 + -31 - 87/(-1) is divided by 24?
16
Suppose -5*o - 50 - 10 = 0. Let j be 1/(-2)*(4 + o). Suppose j*f - 188 + 20 = 0. What is the remainder when f is divided by 9?
6
Let l(p) = 22*p**2 - 24*p - 47. Calculate the remainder when l(-2) is divided by 19.
13
Suppose -w - 5*d + 8 = 24, 2*d = 5*w - 28. Suppose -w*g + 56 = -0*g. Let r = 3 + 50. What is the remainder when r is divided by g?
11
Suppose -18 = -2*k + 3*n, k - 4*n + n - 15 = 0. Suppose w = 3*p + k + 5, 4*p = w - 7. Let t = 10 + 9. Calculate the remainder when t is divided by w.
8
Let g be (-3)/((-1 - -2)/(-1 + 0)). Suppose -32 = 2*c - 3*c + g*b, 0 = -3*b. Calculate the remainder when 62 is divided by c.
30
Calculate the remainder when 151 is divided by (-1 + 18/12)*46.
13
Suppose -2*n = -4*b - 24, -3*n = n - 5*b - 33. Suppose -80 = -4*k - 2*x, -2*k - k + 59 = n*x. What is the remainder when k is divided by 6?
3
Let m = 361 + -345. Calculate the remainder when m is divided by 8.
0
Let s be 0/(4*(-1)/(-4)). Let r be 1 + s - (-11 + 4). What is the remainder when (-146)/(-8) - 2/r is divided by 7?
4
Let i(o) be the first derivative of -o**4/4 + 14*o**3/3 - 8*o**2 + 18*o - 4. Let q be i(13). Calculate the remainder when 50 is divided by 28/q*78/(-4).
24
Let p be 182/35 + 8/10. Suppose 144 = -p*y - 144. Let i = -9 - y. Calculate the remainder when i is divided by 10.
9
Suppose -3*c + 10*p - 7*p = -126, 0 = -5*p - 5. Calculate the remainder when 93 is divided by c.
11
Let x = 66 + -43. Let o(t) = 186*t + 3. Let a be o(3). Suppose -a = -3*p - 2*p - 3*g, -2*p + 2*g = -234. Calculate the remainder when p is divided by x.
22
Suppose 0 = -6*s + 95 + 67. Suppose -4*h - 5*i + s = -19, -37 = -5*h + 4*i. What is the remainder when 25 is divided by h?
7
Let u(f) = -2*f + 78. What is the remainder when u(26) is divided by 10?
6
Let x = 24 - 17. Let q = x - -26. Calculate the remainder when q*1 - (8 + -6) is divided by 11.
9
Let f(x) = 7*x + 99. Let q be (-4 - 2)/(1 + -3). Suppose 0 = 5*d - q*d - 10. Calculate the remainder when f(-13) is divided by d.
3
Let g = 811 + -772. What is the remainder when 181 is divided by g?
25
Let i be (21/6 - 2)/((-4)/304). What is the remainder when 291 is divided by (i + 16)*2/(-4)?
46
Suppose 0 = -b - 2*b - 4*d - 15, 0 = 4*b - 5*d + 51. Calculate the remainder when 16 is divided by (b + 10)/(2/18).
7
Suppose 1130*d - 522 = 1124*d. Calculate the remainder when d is divided by 36.
15
Let u(b) = -b**2 - 22*b + 27. Let n be u(-23). Suppose 0 = x + n - 28. Let j(f) = -31*f. Calculate the remainder when j(-3) is divided by x.
21
Let c(p) = 2*p**2 - 32*p - 204. Calculate the remainder when 1*(2 + 20 + -1) is divided by c(21).
3
What is the remainder when (24/6 + -7)*-4 is divided by 10?
2
Suppose 1 + 2 = o. Let r(s) = 7*s**2 - 3*s - 2. Let c(j) = j**2 + 2*j + 3. Calculate the remainder when r(o) is divided by c(-4).
8
Let y(n) = 55*n**2 + 15*n + 23. Calculate the remainder when y(-3) is divided by 28.
25
What is the remainder when (-3)/2*2488/(-12) is divided by 92?
35
Calculate the remainder when 530 is divided by (-4)/(-10)*(-42)/84*-70.
12
Let s be (-288)/(-28)*21/6. Suppose -4*y = m - s, 0 = 2*y + 3*m - 17 - 11. Calculate the remainder when 39 is divided by y.
7
Suppose m - 15 = -b, -m = -3*b - 2*b + 75. Suppose 5*v - 34 = -o, -4*o - 2*v = -2*o - 28. What is the remainder when b is divided by o?
6
Suppose -4 = 4*r + 8. Let a be 3 + r - -3 - 2. Suppose g - 6 = -a. What is the remainder when g is divided by 4?
1
Let l(x) be the first derivative of -71*x**2/2 - 11*x - 16. What is the remainder when l(-2) is divided by 33?
32
Let m be -12 - -15 - 6*1. Let k = 6 - 4. Calculate the remainder when m - k*-8*1 is divided by 4.
1
Let y = 539 - 520. What is the remainder when 72 is divided by y?
15
What is the remainder when 238 is divided by (-60)/(-21)*(-1 + 29)?
78
Let s(q) = -q**2 - 12*q + 12. Let p be s(-12). Suppose 0 = -5*l + 25, -g + 0*l = 2*l - p. What is the remainder when 59 is divided by (25/(-20))/(g/(-24))?
14
Let g = -338 + 396. Let c(n) = 72*n + 1. Calculate the remainder when c(4) is divided by g.
57
Let z be (-2972)/(-9) - 14/63. What is the remainder when (8/3)/(20/z) is divided by 9?
8
Suppose 0 = -2*g + 2*q + 96, 1353*g - 1352*g - 4*q - 51 = 0. Let b = 10 + -30. Let t = -14 - b. Calculate the remainder when g is divided by t.
5
Let o(q) = -q**2 - 14*q + 157. Suppose d - 585 = -4*d. Calculate the remainder when d is divided by o(7).
7
Calculate the remainder when 130 is divided by 6*((-27)/(-2) - 7).
13
Let u = 27 + -16. Suppose p = 32 + u. Let m(k) = -k**3 + 11*k**2 + k. What is the remainder when p is divided by m(11)?
10
Let h(s) = 4*s - 8. Suppose y = -7 + 14. What is the remainder when h(10) is divided by y?
4
Suppose 0 = -6*r + 4*r + 64. Let v(s) = s + 18. Calculate the remainder when r is divided by v(-11).
4
Suppose 0 = 5*h - 331 - 339. Let o = 188 - h. What is the remainder when o is divided by (-4)/(-2) - (-12 + 0)?
12
Let p(d) = -35*d**3 - d - 1. Let x(q) = 2*q + 1. Let r be x(-1). Suppose -163 = -7*g - 30. Calculate the remainder when p(r) is divided by g.
16
Let i be (5/10)/((-1)/6). Suppose 6*a = 4*a + 6. What is the remainder when a*1/((-1)/i) is divided by 4?
1
Let q = -298 - -307. Let k(u) = 6*u - 1. What is the remainder when k(4) is divided by q?
5
Let w(j) = 10*j + 80. Calculate the remainder when 149 is divided by w(-5).
29
Let n(q) = -q**3 + 10*q**2 - 8*q - 4. Let h be n(9). Suppose -h*k + 3 = -27. Calculate the remainder when 13 is divided by k.
1
Suppose -n - 5*r + 146 = 58, -5*r = -10. Let b(h) = 5*h - 4. What is the remainder when n is divided by b(4)?
14
Suppose 6260 + 9574 = 91*u. What is the remainder when u is divided by 63?
48
Let t(i) = -i**2 - i + 9. Let u be t(-4). Let k = u + 7. What is the remainder when 10 is divided by k?
2
Suppose -q - 2*a + 169 = 0, 3*q - 507 = -60*a + 57*a. Calculate the remainder when q is divided by 29.
24
Calculate the remainder when (1495/10 - 2)*(-4)/(-5) is divided by 42.
34
Let s = -186 - -194. Let j(n) be the third derivative of n**6/120 + n**5/10 - n**4/24 + 4*n**3/3 - 3*n**2. Calculate the remainder when j(-6) is divided by s.
6
Let h = 369 - 19. What is the remainder when h is divided by 48?
14
Suppose -18*v + 14*v = 36. Calculate the remainder when 1 is divided by (-1)/(-3) - 6/v.
0
Let i(y) = -y**2 - 13*y + 18. Let f be i(-15). Let u = 19 + f. Suppose -42 = 4*p - u*p. What is the remainder when p is divided by 5?
4
Let q be 36/234 - 82/26. What is the remainder when (-2)/(-3) - 133/q is divided by 3/(2*3/32)?
1